{"id":429,"date":"2017-02-01T18:20:10","date_gmt":"2017-02-01T17:20:10","guid":{"rendered":"http:\/\/romanfarkas.de\/?post_type=project&#038;p=429"},"modified":"2024-02-08T11:42:38","modified_gmt":"2024-02-08T10:42:38","slug":"nepal-wiederaufbau-nach-dem-erdbeben","status":"publish","type":"project","link":"https:\/\/romanfarkas.de\/?project=nepal-wiederaufbau-nach-dem-erdbeben","title":{"rendered":"Nepal &#8211; Wiederaufbau nach dem Erdbeben"},"content":{"rendered":"<p>[et_pb_section fb_built=&#8220;1&#8243; admin_label=&#8220;section&#8220; _builder_version=&#8220;4.16&#8243; global_colors_info=&#8220;{}&#8220;][et_pb_row column_structure=&#8220;2_3,1_3&#8243; admin_label=&#8220;row&#8220; _builder_version=&#8220;4.16&#8243; background_size=&#8220;initial&#8220; background_position=&#8220;top_left&#8220; background_repeat=&#8220;repeat&#8220; global_colors_info=&#8220;{}&#8220;][et_pb_column type=&#8220;2_3&#8243; _builder_version=&#8220;4.16&#8243; custom_padding=&#8220;|||&#8220; global_colors_info=&#8220;{}&#8220; custom_padding__hover=&#8220;|||&#8220;][et_pb_code admin_label=&#8220;Code&#8220; _builder_version=&#8220;4.24.0&#8243; hover_enabled=&#8220;0&#8243; global_colors_info=&#8220;{}&#8220; sticky_enabled=&#8220;0&#8243;]<iframe loading=\"lazy\" src=\"https:\/\/player.vimeo.com\/video\/164071737?badge=0&amp;autopause=0&amp;player_id=0&amp;app_id=58479\" width=\"1920\" height=\"1080\" frameborder=\"0\" allow=\"autoplay; fullscreen; picture-in-picture\" title=\"Nepal - Hilfe nach dem Erdbeben 2015\"><\/iframe>[\/et_pb_code][\/et_pb_column][et_pb_column type=&#8220;1_3&#8243; _builder_version=&#8220;4.16&#8243; custom_padding=&#8220;|||&#8220; global_colors_info=&#8220;{}&#8220; custom_padding__hover=&#8220;|||&#8220;][et_pb_blurb title=&#8220;Nepal &#8211; Wiederaufbau nach dem Beben.&#8220; image_icon_width=&#8220;none&#8220; admin_label=&#8220;Informationstext&#8220; _builder_version=&#8220;4.16&#8243; background_size=&#8220;initial&#8220; background_position=&#8220;top_left&#8220; background_repeat=&#8220;repeat&#8220; use_border_color=&#8220;off&#8220; border_color=&#8220;#ffffff&#8220; border_style=&#8220;solid&#8220; image_max_width=&#8220;none&#8220; use_circle=&#8220;off&#8220; use_circle_border=&#8220;off&#8220; circle_border_color=&#8220;#7EBEC5&#8243; circle_color=&#8220;#7EBEC5&#8243; global_colors_info=&#8220;{}&#8220;]<\/p>\n<p>Social Spot \/ ZDF \/ Brot f\u00fcr die Welt<\/p>\n<p>Nepal: Nach dem schweren Erdbeben im Fr\u00fchjahr 2015 m\u00fcssen immer noch 60.000 Menschen in Notunterk\u00fcnften und provisorisch reparierten H\u00e4usern leben.<\/p>\n<p>Kamera: Virendra Khanna<\/p>\n<p>Schnitt: Christian Scholz<\/p>\n<p>Redaktion Brot f\u00fcr die Welt: Dominique Mann<\/p>\n<p>Buch \/ Regie \/ Produktion: Roman Farkas<\/p>\n<p>[\/et_pb_blurb][\/et_pb_column][\/et_pb_row][\/et_pb_section]<\/p>\n","protected":false},"excerpt":{"rendered":"<p>Social Spot \/ ZDF \/ Brot f\u00fcr die Welt Nepal: Nach dem schweren Erdbeben im Fr\u00fchjahr 2015 m\u00fcssen immer noch 60.000 Menschen in Notunterk\u00fcnften und provisorisch reparierten H\u00e4usern leben. Kamera: Virendra Khanna Schnitt: Christian Scholz Redaktion Brot f\u00fcr die Welt: Dominique Mann Buch \/ Regie \/ Produktion: Roman Farkas<\/p>\n","protected":false},"author":1,"featured_media":430,"comment_status":"open","ping_status":"closed","template":"","meta":{"_et_pb_use_builder":"on","_et_pb_old_content":"","_et_gb_content_width":"","footnotes":""},"project_category":[12],"project_tag":[],"class_list":["post-429","project","type-project","status-publish","has-post-thumbnail","hentry","project_category-social-spots-hilfsprojekte-2"],"_links":{"self":[{"href":"https:\/\/romanfarkas.de\/index.php?rest_route=\/wp\/v2\/project\/429","targetHints":{"allow":["GET"]}}],"collection":[{"href":"https:\/\/romanfarkas.de\/index.php?rest_route=\/wp\/v2\/project"}],"about":[{"href":"https:\/\/romanfarkas.de\/index.php?rest_route=\/wp\/v2\/types\/project"}],"author":[{"embeddable":true,"href":"https:\/\/romanfarkas.de\/index.php?rest_route=\/wp\/v2\/users\/1"}],"replies":[{"embeddable":true,"href":"https:\/\/romanfarkas.de\/index.php?rest_route=%2Fwp%2Fv2%2Fcomments&post=429"}],"version-history":[{"count":5,"href":"https:\/\/romanfarkas.de\/index.php?rest_route=\/wp\/v2\/project\/429\/revisions"}],"predecessor-version":[{"id":935,"href":"https:\/\/romanfarkas.de\/index.php?rest_route=\/wp\/v2\/project\/429\/revisions\/935"}],"wp:featuredmedia":[{"embeddable":true,"href":"https:\/\/romanfarkas.de\/index.php?rest_route=\/wp\/v2\/media\/430"}],"wp:attachment":[{"href":"https:\/\/romanfarkas.de\/index.php?rest_route=%2Fwp%2Fv2%2Fmedia&parent=429"}],"wp:term":[{"taxonomy":"project_category","embeddable":true,"href":"https:\/\/romanfarkas.de\/index.php?rest_route=%2Fwp%2Fv2%2Fproject_category&post=429"},{"taxonomy":"project_tag","embeddable":true,"href":"https:\/\/romanfarkas.de\/index.php?rest_route=%2Fwp%2Fv2%2Fproject_tag&post=429"}],"curies":[{"name":"wp","href":"https:\/\/api.w.org\/{rel}","templated":true}]}}

<p>[et_pb_section fb_built=&#8220;1&#8243; admin_label=&#8220;section&#8220; _builder_version=&#8220;4.16&#8243; global_colors_info=&#8220;{}&#8220;][et_pb_row column_structure=&#8220;2_3,1_3&#8243; admin_label=&#8220;row&#8220; _builder_version=&#8220;4.16&#8243; background_size=&#8220;initial&#8220; background_position=&#8220;top_left&#8220; background_repeat=&#8220;repeat&#8220; global_colors_info=&#8220;{}&#8220;][et_pb_column type=&#8220;2_3&#8243; _builder_version=&#8220;4.16&#8243; custom_padding=&#8220;|||&#8220; global_colors_info=&#8220;{}&#8220; custom_padding__hover=&#8220;|||&#8220;][et_pb_code admin_label=&#8220;Code&#8220; _builder_version=&#8220;4.24.0&#8243; hover_enabled=&#8220;0&#8243; global_colors_info=&#8220;{}&#8220; sticky_enabled=&#8220;0&#8243;]<iframe loading="lazy" src="https://player.vimeo.com/video/164071737?badge=0&amp;autopause=0&amp;player_id=0&amp;app_id=58479" width="1920" height="1080" frameborder="0" allow="autoplay; fullscreen; picture-in-picture" title="Nepal - Hilfe nach dem Erdbeben 2015"></iframe>[/et_pb_code][/et_pb_column][et_pb_column type=&#8220;1_3&#8243; _builder_version=&#8220;4.16&#8243; custom_padding=&#8220;|||&#8220; global_colors_info=&#8220;{}&#8220; custom_padding__hover=&#8220;|||&#8220;][et_pb_blurb title=&#8220;Nepal &#8211; Wiederaufbau nach dem Beben.&#8220; image_icon_width=&#8220;none&#8220; admin_label=&#8220;Informationstext&#8220; _builder_version=&#8220;4.16&#8243; background_size=&#8220;initial&#8220; background_position=&#8220;top_left&#8220; background_repeat=&#8220;repeat&#8220; use_border_color=&#8220;off&#8220; border_color=&#8220;#ffffff&#8220; border_style=&#8220;solid&#8220; image_max_width=&#8220;none&#8220; use_circle=&#8220;off&#8220; use_circle_border=&#8220;off&#8220; circle_border_color=&#8220;#7EBEC5&#8243; circle_color=&#8220;#7EBEC5&#8243; global_colors_info=&#8220;{}&#8220;]</p>
<p>Social Spot / ZDF / Brot für die Welt</p>
<p>Nepal: Nach dem schweren Erdbeben im Frühjahr 2015 müssen immer noch 60.000 Menschen in Notunterkünften und provisorisch reparierten Häusern leben.</p>
<p>Kamera: Virendra Khanna</p>
<p>Schnitt: Christian Scholz</p>
<p>Redaktion Brot für die Welt: Dominique Mann</p>
<p>Buch / Regie / Produktion: Roman Farkas</p>
<p>[/et_pb_blurb][/et_pb_column][/et_pb_row][/et_pb_section]</p>

<p>Social Spot / ZDF / Brot für die Welt Nepal: Nach dem schweren Erdbeben im Frühjahr 2015 müssen immer noch 60.000 Menschen in Notunterkünften und provisorisch reparierten Häusern leben. Kamera: Virendra Khanna Schnitt: Christian Scholz Redaktion Brot für die Welt: Dominique Mann Buch / Regie / Produktion: Roman Farkas</p>
