{"id":420,"date":"2017-01-31T17:51:27","date_gmt":"2017-01-31T16:51:27","guid":{"rendered":"http:\/\/romanfarkas.de\/?post_type=project&#038;p=420"},"modified":"2024-07-17T14:02:17","modified_gmt":"2024-07-17T13:02:17","slug":"ruanda-die-erste-schule-fuer-blinde-kinder-zdf","status":"publish","type":"project","link":"https:\/\/romanfarkas.de\/?project=ruanda-die-erste-schule-fuer-blinde-kinder-zdf","title":{"rendered":"Ruanda &#8211; die erste Schule f\u00fcr blinde Kinder \/ ZDF"},"content":{"rendered":"<p>[et_pb_section fb_built=&#8220;1&#8243; admin_label=&#8220;section&#8220; _builder_version=&#8220;4.16&#8243; global_colors_info=&#8220;{}&#8220;][et_pb_row admin_label=&#8220;row&#8220; _builder_version=&#8220;4.16&#8243; background_size=&#8220;initial&#8220; background_position=&#8220;top_left&#8220; background_repeat=&#8220;repeat&#8220; global_colors_info=&#8220;{}&#8220; column_structure=&#8220;2_3,1_3&#8243;][et_pb_column type=&#8220;2_3&#8243; _builder_version=&#8220;4.16&#8243; custom_padding=&#8220;|||&#8220; global_colors_info=&#8220;{}&#8220; custom_padding__hover=&#8220;|||&#8220;][et_pb_code admin_label=&#8220;Code&#8220; _builder_version=&#8220;4.24.0&#8243; hover_enabled=&#8220;0&#8243; global_colors_info=&#8220;{}&#8220; sticky_enabled=&#8220;0&#8243;]<iframe loading=\"lazy\" width=\"560\" height=\"315\" src=\"https:\/\/www.youtube.com\/embed\/y-ABlWdjv50\" frameborder=\"0\" allowfullscreen><\/iframe>[\/et_pb_code][\/et_pb_column][et_pb_column type=&#8220;1_3&#8243; _builder_version=&#8220;4.16&#8243; custom_padding=&#8220;|||&#8220; global_colors_info=&#8220;{}&#8220; custom_padding__hover=&#8220;|||&#8220;][et_pb_blurb title=&#8220;Ruanda &#8211; die erste Schule f\u00fcr blinde Kinder&#8220; image_icon_width=&#8220;none&#8220; admin_label=&#8220;Informationstext&#8220; _builder_version=&#8220;4.16&#8243; background_size=&#8220;initial&#8220; background_position=&#8220;top_left&#8220; background_repeat=&#8220;repeat&#8220; use_border_color=&#8220;off&#8220; border_color=&#8220;#ffffff&#8220; border_style=&#8220;solid&#8220; image_max_width=&#8220;none&#8220; use_circle=&#8220;off&#8220; use_circle_border=&#8220;off&#8220; circle_border_color=&#8220;#7EBEC5&#8243; circle_color=&#8220;#7EBEC5&#8243; global_colors_info=&#8220;{}&#8220;]<\/p>\n<h2>Social Spot f\u00fcr ZDF \/ Misereor.<\/h2>\n<p>In Ruanda leben mehr als 20.000 blinde und sehbehinderte Kinder. Ihre Behinderung wird von vielen als Fluch gedeutet, sodass diese Kinder h\u00e4ufig keine Unterst\u00fctzung bekommen. Dabei ist es wichtig, ihre verbleibende Sehkraft zu erhalten und sie speziell zu f\u00f6rdern. Eine Blindenschule vermittelt Kindern aus sehr armen Familien Wege ins eigenst\u00e4ndige Leben.<\/p>\n<p>Kamera: Jens-Tibor Homm<\/p>\n<p>Ton: Michael Zeilinger<\/p>\n<p>Schnitt: Marc Haenecke<\/p>\n<p>Buch \/ Regie \/ Produktion: Roman Farkas<br \/>\n[\/et_pb_blurb][\/et_pb_column][\/et_pb_row][\/et_pb_section]<\/p>\n","protected":false},"excerpt":{"rendered":"<p>Social Spot f\u00fcr ZDF \/ Misereor. In Ruanda leben mehr als 20.000 blinde und sehbehinderte Kinder. Ihre Behinderung wird von vielen als Fluch gedeutet, sodass diese Kinder h\u00e4ufig keine Unterst\u00fctzung bekommen. Dabei ist es wichtig, ihre verbleibende Sehkraft zu erhalten und sie speziell zu f\u00f6rdern. Eine Blindenschule vermittelt Kindern aus sehr armen Familien Wege ins [&hellip;]<\/p>\n","protected":false},"author":1,"featured_media":436,"comment_status":"open","ping_status":"closed","template":"","meta":{"_et_pb_use_builder":"on","_et_pb_old_content":"","_et_gb_content_width":"","footnotes":""},"project_category":[12],"project_tag":[],"class_list":["post-420","project","type-project","status-publish","has-post-thumbnail","hentry","project_category-social-spots-hilfsprojekte-2"],"_links":{"self":[{"href":"https:\/\/romanfarkas.de\/index.php?rest_route=\/wp\/v2\/project\/420","targetHints":{"allow":["GET"]}}],"collection":[{"href":"https:\/\/romanfarkas.de\/index.php?rest_route=\/wp\/v2\/project"}],"about":[{"href":"https:\/\/romanfarkas.de\/index.php?rest_route=\/wp\/v2\/types\/project"}],"author":[{"embeddable":true,"href":"https:\/\/romanfarkas.de\/index.php?rest_route=\/wp\/v2\/users\/1"}],"replies":[{"embeddable":true,"href":"https:\/\/romanfarkas.de\/index.php?rest_route=%2Fwp%2Fv2%2Fcomments&post=420"}],"version-history":[{"count":2,"href":"https:\/\/romanfarkas.de\/index.php?rest_route=\/wp\/v2\/project\/420\/revisions"}],"predecessor-version":[{"id":956,"href":"https:\/\/romanfarkas.de\/index.php?rest_route=\/wp\/v2\/project\/420\/revisions\/956"}],"wp:featuredmedia":[{"embeddable":true,"href":"https:\/\/romanfarkas.de\/index.php?rest_route=\/wp\/v2\/media\/436"}],"wp:attachment":[{"href":"https:\/\/romanfarkas.de\/index.php?rest_route=%2Fwp%2Fv2%2Fmedia&parent=420"}],"wp:term":[{"taxonomy":"project_category","embeddable":true,"href":"https:\/\/romanfarkas.de\/index.php?rest_route=%2Fwp%2Fv2%2Fproject_category&post=420"},{"taxonomy":"project_tag","embeddable":true,"href":"https:\/\/romanfarkas.de\/index.php?rest_route=%2Fwp%2Fv2%2Fproject_tag&post=420"}],"curies":[{"name":"wp","href":"https:\/\/api.w.org\/{rel}","templated":true}]}}

Ruanda &#8211; die erste Schule für blinde Kinder / ZDF

<p>[et_pb_section fb_built=&#8220;1&#8243; admin_label=&#8220;section&#8220; _builder_version=&#8220;4.16&#8243; global_colors_info=&#8220;{}&#8220;][et_pb_row admin_label=&#8220;row&#8220; _builder_version=&#8220;4.16&#8243; background_size=&#8220;initial&#8220; background_position=&#8220;top_left&#8220; background_repeat=&#8220;repeat&#8220; global_colors_info=&#8220;{}&#8220; column_structure=&#8220;2_3,1_3&#8243;][et_pb_column type=&#8220;2_3&#8243; _builder_version=&#8220;4.16&#8243; custom_padding=&#8220;|||&#8220; global_colors_info=&#8220;{}&#8220; custom_padding__hover=&#8220;|||&#8220;][et_pb_code admin_label=&#8220;Code&#8220; _builder_version=&#8220;4.24.0&#8243; hover_enabled=&#8220;0&#8243; global_colors_info=&#8220;{}&#8220; sticky_enabled=&#8220;0&#8243;]<iframe loading="lazy" width="560" height="315" src="https://www.youtube.com/embed/y-ABlWdjv50" frameborder="0" allowfullscreen></iframe>[/et_pb_code][/et_pb_column][et_pb_column type=&#8220;1_3&#8243; _builder_version=&#8220;4.16&#8243; custom_padding=&#8220;|||&#8220; global_colors_info=&#8220;{}&#8220; custom_padding__hover=&#8220;|||&#8220;][et_pb_blurb title=&#8220;Ruanda &#8211; die erste Schule für blinde Kinder&#8220; image_icon_width=&#8220;none&#8220; admin_label=&#8220;Informationstext&#8220; _builder_version=&#8220;4.16&#8243; background_size=&#8220;initial&#8220; background_position=&#8220;top_left&#8220; background_repeat=&#8220;repeat&#8220; use_border_color=&#8220;off&#8220; border_color=&#8220;#ffffff&#8220; border_style=&#8220;solid&#8220; image_max_width=&#8220;none&#8220; use_circle=&#8220;off&#8220; use_circle_border=&#8220;off&#8220; circle_border_color=&#8220;#7EBEC5&#8243; circle_color=&#8220;#7EBEC5&#8243; global_colors_info=&#8220;{}&#8220;]</p>
<h2>Social Spot für ZDF / Misereor.</h2>
<p>In Ruanda leben mehr als 20.000 blinde und sehbehinderte Kinder. Ihre Behinderung wird von vielen als Fluch gedeutet, sodass diese Kinder häufig keine Unterstützung bekommen. Dabei ist es wichtig, ihre verbleibende Sehkraft zu erhalten und sie speziell zu fördern. Eine Blindenschule vermittelt Kindern aus sehr armen Familien Wege ins eigenständige Leben.</p>
<p>Kamera: Jens-Tibor Homm</p>
<p>Ton: Michael Zeilinger</p>
<p>Schnitt: Marc Haenecke</p>
<p>Buch / Regie / Produktion: Roman Farkas<br />
[/et_pb_blurb][/et_pb_column][/et_pb_row][/et_pb_section]</p>

<p>Social Spot für ZDF / Misereor. In Ruanda leben mehr als 20.000 blinde und sehbehinderte Kinder. Ihre Behinderung wird von vielen als Fluch gedeutet, sodass diese Kinder häufig keine Unterstützung bekommen. Dabei ist es wichtig, ihre verbleibende Sehkraft zu erhalten und sie speziell zu fördern. Eine Blindenschule vermittelt Kindern aus sehr armen Familien Wege ins [&hellip;]</p>
