{"id":323,"date":"2017-01-27T10:34:07","date_gmt":"2017-01-27T09:34:07","guid":{"rendered":"http:\/\/romanfarkas.de\/?post_type=project&#038;p=323"},"modified":"2024-07-17T14:22:55","modified_gmt":"2024-07-17T13:22:55","slug":"angola","status":"publish","type":"project","link":"https:\/\/romanfarkas.de\/?project=angola","title":{"rendered":"Angola: Nach dem B\u00fcrgerkrieg"},"content":{"rendered":"<p>[et_pb_section fb_built=&#8220;1&#8243; admin_label=&#8220;section&#8220; _builder_version=&#8220;4.16&#8243; global_colors_info=&#8220;{}&#8220;][et_pb_row admin_label=&#8220;row&#8220; _builder_version=&#8220;4.16&#8243; background_size=&#8220;initial&#8220; background_position=&#8220;top_left&#8220; background_repeat=&#8220;repeat&#8220; global_colors_info=&#8220;{}&#8220; column_structure=&#8220;2_3,1_3&#8243;][et_pb_column type=&#8220;2_3&#8243; _builder_version=&#8220;4.16&#8243; custom_padding=&#8220;|||&#8220; global_colors_info=&#8220;{}&#8220; custom_padding__hover=&#8220;|||&#8220;][et_pb_code admin_label=&#8220;Code&#8220; _builder_version=&#8220;4.16&#8243; global_colors_info=&#8220;{}&#8220;]<iframe loading=\"lazy\" src=\"https:\/\/player.vimeo.com\/video\/100229014?color=ffffff&#038;title=0&#038;byline=0&#038;portrait=0\" width=\"640\" height=\"360\" frameborder=\"0\" webkitallowfullscreen mozallowfullscreen allowfullscreen><\/iframe>[\/et_pb_code][\/et_pb_column][et_pb_column type=&#8220;1_3&#8243; _builder_version=&#8220;4.16&#8243; custom_padding=&#8220;|||&#8220; global_colors_info=&#8220;{}&#8220; custom_padding__hover=&#8220;|||&#8220;][et_pb_blurb title=&#8220;Angola. Land zum Leben, Grund zur Hoffnung.&#8220; image_icon_width=&#8220;none&#8220; admin_label=&#8220;Informationstext&#8220; _builder_version=&#8220;4.16&#8243; background_size=&#8220;initial&#8220; background_position=&#8220;top_left&#8220; background_repeat=&#8220;repeat&#8220; use_border_color=&#8220;off&#8220; border_color=&#8220;#ffffff&#8220; border_style=&#8220;solid&#8220; image_max_width=&#8220;none&#8220; use_circle=&#8220;off&#8220; use_circle_border=&#8220;off&#8220; circle_border_color=&#8220;#7EBEC5&#8243; circle_color=&#8220;#7EBEC5&#8243; global_colors_info=&#8220;{}&#8220;]Fast dreissig Jahre B\u00fcrgerkrieg zwischen der marxistischen MPLA und der Unita f\u00fchrten in Angola zu Flucht und Vertreibung von Millionen Menschen.<br \/>\nNoch heute m\u00fcssen in Angola mehr als 70 % der Menschen mit weniger als einem Dollar pro Tag auskommen. Es fehlen die elementarsten Dinge wie Brunnen, sauberes Trinkwasser oder Saatgut. Ein grosser Teil des eigentlich fruchtbaren Landes liegt brach.<br \/>\nDas evangelische Hilfswerk &#8218;Brot f\u00fcr die Welt&#8216; unterst\u00fctzt gemeinsam mit seinem angolanischen Partner ACM-Kwanza Sul die Bauern mit Saatgut, Training f\u00fcr effektivere Landwirtschaft und ges\u00fcndere Ern\u00e4hrung.<\/p>\n<p>Buch \/ Regie \/ Produktion: Roman Farkas<\/p>\n<p>Kamera: Gabriel Streif<\/p>\n<p>Schnitt: Marc Haenecke<br \/>\n[\/et_pb_blurb][\/et_pb_column][\/et_pb_row][\/et_pb_section]<\/p>\n","protected":false},"excerpt":{"rendered":"<p>Fast dreissig Jahre B\u00fcrgerkrieg zwischen der marxistischen MPLA und der Unita f\u00fchrten in Angola zu Flucht und Vertreibung von Millionen Menschen. Noch heute m\u00fcssen in Angola mehr als 70 % der Menschen mit weniger als einem Dollar pro Tag auskommen. Es fehlen die elementarsten Dinge wie Brunnen, sauberes Trinkwasser oder Saatgut. Ein grosser Teil des [&hellip;]<\/p>\n","protected":false},"author":1,"featured_media":403,"comment_status":"open","ping_status":"closed","template":"","meta":{"_et_pb_use_builder":"on","_et_pb_old_content":"","_et_gb_content_width":"","footnotes":""},"project_category":[10],"project_tag":[],"class_list":["post-323","project","type-project","status-publish","has-post-thumbnail","hentry","project_category-dokumentation-2"],"_links":{"self":[{"href":"https:\/\/romanfarkas.de\/index.php?rest_route=\/wp\/v2\/project\/323","targetHints":{"allow":["GET"]}}],"collection":[{"href":"https:\/\/romanfarkas.de\/index.php?rest_route=\/wp\/v2\/project"}],"about":[{"href":"https:\/\/romanfarkas.de\/index.php?rest_route=\/wp\/v2\/types\/project"}],"author":[{"embeddable":true,"href":"https:\/\/romanfarkas.de\/index.php?rest_route=\/wp\/v2\/users\/1"}],"replies":[{"embeddable":true,"href":"https:\/\/romanfarkas.de\/index.php?rest_route=%2Fwp%2Fv2%2Fcomments&post=323"}],"version-history":[{"count":3,"href":"https:\/\/romanfarkas.de\/index.php?rest_route=\/wp\/v2\/project\/323\/revisions"}],"predecessor-version":[{"id":974,"href":"https:\/\/romanfarkas.de\/index.php?rest_route=\/wp\/v2\/project\/323\/revisions\/974"}],"wp:featuredmedia":[{"embeddable":true,"href":"https:\/\/romanfarkas.de\/index.php?rest_route=\/wp\/v2\/media\/403"}],"wp:attachment":[{"href":"https:\/\/romanfarkas.de\/index.php?rest_route=%2Fwp%2Fv2%2Fmedia&parent=323"}],"wp:term":[{"taxonomy":"project_category","embeddable":true,"href":"https:\/\/romanfarkas.de\/index.php?rest_route=%2Fwp%2Fv2%2Fproject_category&post=323"},{"taxonomy":"project_tag","embeddable":true,"href":"https:\/\/romanfarkas.de\/index.php?rest_route=%2Fwp%2Fv2%2Fproject_tag&post=323"}],"curies":[{"name":"wp","href":"https:\/\/api.w.org\/{rel}","templated":true}]}}

Angola: Nach dem Bürgerkrieg

<p>[et_pb_section fb_built=&#8220;1&#8243; admin_label=&#8220;section&#8220; _builder_version=&#8220;4.16&#8243; global_colors_info=&#8220;{}&#8220;][et_pb_row admin_label=&#8220;row&#8220; _builder_version=&#8220;4.16&#8243; background_size=&#8220;initial&#8220; background_position=&#8220;top_left&#8220; background_repeat=&#8220;repeat&#8220; global_colors_info=&#8220;{}&#8220; column_structure=&#8220;2_3,1_3&#8243;][et_pb_column type=&#8220;2_3&#8243; _builder_version=&#8220;4.16&#8243; custom_padding=&#8220;|||&#8220; global_colors_info=&#8220;{}&#8220; custom_padding__hover=&#8220;|||&#8220;][et_pb_code admin_label=&#8220;Code&#8220; _builder_version=&#8220;4.16&#8243; global_colors_info=&#8220;{}&#8220;]<iframe loading="lazy" src="https://player.vimeo.com/video/100229014?color=ffffff&#038;title=0&#038;byline=0&#038;portrait=0" width="640" height="360" frameborder="0" webkitallowfullscreen mozallowfullscreen allowfullscreen></iframe>[/et_pb_code][/et_pb_column][et_pb_column type=&#8220;1_3&#8243; _builder_version=&#8220;4.16&#8243; custom_padding=&#8220;|||&#8220; global_colors_info=&#8220;{}&#8220; custom_padding__hover=&#8220;|||&#8220;][et_pb_blurb title=&#8220;Angola. Land zum Leben, Grund zur Hoffnung.&#8220; image_icon_width=&#8220;none&#8220; admin_label=&#8220;Informationstext&#8220; _builder_version=&#8220;4.16&#8243; background_size=&#8220;initial&#8220; background_position=&#8220;top_left&#8220; background_repeat=&#8220;repeat&#8220; use_border_color=&#8220;off&#8220; border_color=&#8220;#ffffff&#8220; border_style=&#8220;solid&#8220; image_max_width=&#8220;none&#8220; use_circle=&#8220;off&#8220; use_circle_border=&#8220;off&#8220; circle_border_color=&#8220;#7EBEC5&#8243; circle_color=&#8220;#7EBEC5&#8243; global_colors_info=&#8220;{}&#8220;]Fast dreissig Jahre Bürgerkrieg zwischen der marxistischen MPLA und der Unita führten in Angola zu Flucht und Vertreibung von Millionen Menschen.<br />
Noch heute müssen in Angola mehr als 70 % der Menschen mit weniger als einem Dollar pro Tag auskommen. Es fehlen die elementarsten Dinge wie Brunnen, sauberes Trinkwasser oder Saatgut. Ein grosser Teil des eigentlich fruchtbaren Landes liegt brach.<br />
Das evangelische Hilfswerk &#8218;Brot für die Welt&#8216; unterstützt gemeinsam mit seinem angolanischen Partner ACM-Kwanza Sul die Bauern mit Saatgut, Training für effektivere Landwirtschaft und gesündere Ernährung.</p>
<p>Buch / Regie / Produktion: Roman Farkas</p>
<p>Kamera: Gabriel Streif</p>
<p>Schnitt: Marc Haenecke<br />
[/et_pb_blurb][/et_pb_column][/et_pb_row][/et_pb_section]</p>

<p>Fast dreissig Jahre Bürgerkrieg zwischen der marxistischen MPLA und der Unita führten in Angola zu Flucht und Vertreibung von Millionen Menschen. Noch heute müssen in Angola mehr als 70 % der Menschen mit weniger als einem Dollar pro Tag auskommen. Es fehlen die elementarsten Dinge wie Brunnen, sauberes Trinkwasser oder Saatgut. Ein grosser Teil des [&hellip;]</p>
