{"id":1110,"date":"2025-03-13T18:28:18","date_gmt":"2025-03-13T17:28:18","guid":{"rendered":"https:\/\/romanfarkas.de\/?post_type=project&#038;p=1110"},"modified":"2026-02-12T18:13:41","modified_gmt":"2026-02-12T17:13:41","slug":"guinea-der-krankenpfleger-im-regenwald","status":"publish","type":"project","link":"https:\/\/romanfarkas.de\/?project=guinea-der-krankenpfleger-im-regenwald","title":{"rendered":"Guinea. Krankenpfleger im Regenwald \/ ZDF"},"content":{"rendered":"\n[et_pb_section fb_built=&#8220;1&#8243; _builder_version=&#8220;4.27.4&#8243; _module_preset=&#8220;default&#8220; global_colors_info=&#8220;{}&#8220;][et_pb_row column_structure=&#8220;3_5,2_5&#8243; _builder_version=&#8220;4.27.4&#8243; _module_preset=&#8220;default&#8220; hover_enabled=&#8220;0&#8243; global_colors_info=&#8220;{}&#8220; sticky_enabled=&#8220;0&#8243;][et_pb_column type=&#8220;3_5&#8243; _builder_version=&#8220;4.27.4&#8243; _module_preset=&#8220;default&#8220; global_colors_info=&#8220;{}&#8220;][et_pb_code _builder_version=&#8220;4.27.4&#8243; _module_preset=&#8220;default&#8220; hover_enabled=&#8220;0&#8243; global_colors_info=&#8220;{}&#8220; sticky_enabled=&#8220;0&#8243;]<iframe loading=\"lazy\" src=\"https:\/\/player.vimeo.com\/video\/907452254?badge=0&amp;autopause=0&amp;player_id=0&amp;app_id=58479\" width=\"1920\" height=\"1080\" frameborder=\"0\" allow=\"autoplay; fullscreen; picture-in-picture; clipboard-write; encrypted-media\" title=\"Guinea. Der mobile Krankenpfleger im Regenwald.\"><\/iframe>[\/et_pb_code][\/et_pb_column][et_pb_column type=&#8220;2_5&#8243; _builder_version=&#8220;4.27.4&#8243; _module_preset=&#8220;default&#8220; global_colors_info=&#8220;{}&#8220;][et_pb_text _builder_version=&#8220;4.27.4&#8243; _module_preset=&#8220;default&#8220; global_colors_info=&#8220;{}&#8220;]<h2>Guinea. Der mobile Krankenpfleger<\/h2>\n<h2>im Regenwald<\/h2>\n<p>&nbsp;<\/p>\n<h2>ZDF \/ Brot f\u00fcr die Welt<\/h2>\n<p>&nbsp;<\/p>\n<p>Paul Sandy ist Krankenpfleger und leitet das Gesundheitszentrum in Soopa, im \u00e4ussersten S\u00fcdwesten Guineas.<\/p>\n<p>In den abgelegenen Waldd\u00f6rfern sterben viele Kinder und M\u00fctter bei der Geburt. Seit Paul in Notversorgung bei der Geburt weitergebildet wurde, konnte er schon viele Babys retten.<br \/>Mit seinem Motorrad erreicht er auch Paul noch die abgelegensten D\u00f6rfer.<\/p>\n<p>Finanziert wird Pauls Arbeit von Tinkisso, einem Partner von &#8218;Brot f\u00fcr die Welt&#8216;.<\/p>\n<p>Tinkisso ist eine Gesundheitsorganisation mit Programmen, die auf Malaria, das \u00dcberleben von Kindern, sauberes Trinkwasser und die St\u00e4rkung des Gesundheitssystems ausgerichtet sind.<\/p>\n<p>Kamera: Dietrich Mangold<\/p>\n<p>Schnitt: Marc Haenecke<\/p>\n<p>Sprecher: Christian Baumann, Verena Rendtorff, Roman Farkas<\/p>\n<p>Grading \/ Tonmischung: BOA Videofilmkunst<\/p>\n<p>Buch \/ Regie \/ Produktion: Roman Farkas<\/p>[\/et_pb_text][\/et_pb_column][\/et_pb_row][\/et_pb_section]\n","protected":false},"excerpt":{"rendered":"<p>Guinea. Der mobile Krankenpfleger im Regenwald &nbsp; ZDF \/ Brot f\u00fcr die Welt &nbsp; Paul Sandy ist Krankenpfleger und leitet das Gesundheitszentrum in Soopa, im \u00e4ussersten S\u00fcdwesten Guineas. In den abgelegenen Waldd\u00f6rfern sterben viele Kinder und M\u00fctter bei der Geburt. Seit Paul in Notversorgung bei der Geburt weitergebildet wurde, konnte er schon viele Babys retten.Mit [&hellip;]<\/p>\n","protected":false},"author":1,"featured_media":854,"comment_status":"open","ping_status":"closed","template":"","meta":{"_et_pb_use_builder":"on","_et_pb_old_content":"","_et_gb_content_width":"","footnotes":""},"project_category":[12],"project_tag":[],"class_list":["post-1110","project","type-project","status-publish","has-post-thumbnail","hentry","project_category-social-spots-hilfsprojekte-2"],"_links":{"self":[{"href":"https:\/\/romanfarkas.de\/index.php?rest_route=\/wp\/v2\/project\/1110","targetHints":{"allow":["GET"]}}],"collection":[{"href":"https:\/\/romanfarkas.de\/index.php?rest_route=\/wp\/v2\/project"}],"about":[{"href":"https:\/\/romanfarkas.de\/index.php?rest_route=\/wp\/v2\/types\/project"}],"author":[{"embeddable":true,"href":"https:\/\/romanfarkas.de\/index.php?rest_route=\/wp\/v2\/users\/1"}],"replies":[{"embeddable":true,"href":"https:\/\/romanfarkas.de\/index.php?rest_route=%2Fwp%2Fv2%2Fcomments&post=1110"}],"version-history":[{"count":6,"href":"https:\/\/romanfarkas.de\/index.php?rest_route=\/wp\/v2\/project\/1110\/revisions"}],"predecessor-version":[{"id":1215,"href":"https:\/\/romanfarkas.de\/index.php?rest_route=\/wp\/v2\/project\/1110\/revisions\/1215"}],"wp:featuredmedia":[{"embeddable":true,"href":"https:\/\/romanfarkas.de\/index.php?rest_route=\/wp\/v2\/media\/854"}],"wp:attachment":[{"href":"https:\/\/romanfarkas.de\/index.php?rest_route=%2Fwp%2Fv2%2Fmedia&parent=1110"}],"wp:term":[{"taxonomy":"project_category","embeddable":true,"href":"https:\/\/romanfarkas.de\/index.php?rest_route=%2Fwp%2Fv2%2Fproject_category&post=1110"},{"taxonomy":"project_tag","embeddable":true,"href":"https:\/\/romanfarkas.de\/index.php?rest_route=%2Fwp%2Fv2%2Fproject_tag&post=1110"}],"curies":[{"name":"wp","href":"https:\/\/api.w.org\/{rel}","templated":true}]}}

[et_pb_section fb_built=&#8220;1&#8243; _builder_version=&#8220;4.27.4&#8243; _module_preset=&#8220;default&#8220; global_colors_info=&#8220;{}&#8220;][et_pb_row column_structure=&#8220;3_5,2_5&#8243; _builder_version=&#8220;4.27.4&#8243; _module_preset=&#8220;default&#8220; hover_enabled=&#8220;0&#8243; global_colors_info=&#8220;{}&#8220; sticky_enabled=&#8220;0&#8243;][et_pb_column type=&#8220;3_5&#8243; _builder_version=&#8220;4.27.4&#8243; _module_preset=&#8220;default&#8220; global_colors_info=&#8220;{}&#8220;][et_pb_code _builder_version=&#8220;4.27.4&#8243; _module_preset=&#8220;default&#8220; hover_enabled=&#8220;0&#8243; global_colors_info=&#8220;{}&#8220; sticky_enabled=&#8220;0&#8243;]<iframe loading="lazy" src="https://player.vimeo.com/video/907452254?badge=0&amp;autopause=0&amp;player_id=0&amp;app_id=58479" width="1920" height="1080" frameborder="0" allow="autoplay; fullscreen; picture-in-picture; clipboard-write; encrypted-media" title="Guinea. Der mobile Krankenpfleger im Regenwald."></iframe>[/et_pb_code][/et_pb_column][et_pb_column type=&#8220;2_5&#8243; _builder_version=&#8220;4.27.4&#8243; _module_preset=&#8220;default&#8220; global_colors_info=&#8220;{}&#8220;][et_pb_text _builder_version=&#8220;4.27.4&#8243; _module_preset=&#8220;default&#8220; global_colors_info=&#8220;{}&#8220;]<h2>Guinea. Der mobile Krankenpfleger</h2>
<h2>im Regenwald</h2>
<p>&nbsp;</p>
<h2>ZDF / Brot für die Welt</h2>
<p>&nbsp;</p>
<p>Paul Sandy ist Krankenpfleger und leitet das Gesundheitszentrum in Soopa, im äussersten Südwesten Guineas.</p>
<p>In den abgelegenen Walddörfern sterben viele Kinder und Mütter bei der Geburt. Seit Paul in Notversorgung bei der Geburt weitergebildet wurde, konnte er schon viele Babys retten.<br />Mit seinem Motorrad erreicht er auch Paul noch die abgelegensten Dörfer.</p>
<p>Finanziert wird Pauls Arbeit von Tinkisso, einem Partner von &#8218;Brot für die Welt&#8216;.</p>
<p>Tinkisso ist eine Gesundheitsorganisation mit Programmen, die auf Malaria, das Überleben von Kindern, sauberes Trinkwasser und die Stärkung des Gesundheitssystems ausgerichtet sind.</p>
<p>Kamera: Dietrich Mangold</p>
<p>Schnitt: Marc Haenecke</p>
<p>Sprecher: Christian Baumann, Verena Rendtorff, Roman Farkas</p>
<p>Grading / Tonmischung: BOA Videofilmkunst</p>
<p>Buch / Regie / Produktion: Roman Farkas</p>[/et_pb_text][/et_pb_column][/et_pb_row][/et_pb_section]

<p>Guinea. Der mobile Krankenpfleger im Regenwald &nbsp; ZDF / Brot für die Welt &nbsp; Paul Sandy ist Krankenpfleger und leitet das Gesundheitszentrum in Soopa, im äussersten Südwesten Guineas. In den abgelegenen Walddörfern sterben viele Kinder und Mütter bei der Geburt. Seit Paul in Notversorgung bei der Geburt weitergebildet wurde, konnte er schon viele Babys retten.Mit [&hellip;]</p>
