{"id":167,"date":"2017-01-20T17:45:41","date_gmt":"2017-01-20T17:45:41","guid":{"rendered":"http:\/\/romanfarkas.de\/?page_id=167"},"modified":"2018-01-18T13:43:16","modified_gmt":"2018-01-18T12:43:16","slug":"167-2","status":"publish","type":"page","link":"https:\/\/romanfarkas.de\/?page_id=167","title":{"rendered":"Dokumentation"},"content":{"rendered":"<p>[et_pb_section admin_label=&#8220;section&#8220; transparent_background=&#8220;off&#8220; allow_player_pause=&#8220;off&#8220; inner_shadow=&#8220;off&#8220; parallax=&#8220;off&#8220; parallax_method=&#8220;on&#8220; custom_padding=&#8220;0px|0px|54px|0px&#8220; make_fullwidth=&#8220;off&#8220; use_custom_width=&#8220;off&#8220; width_unit=&#8220;off&#8220; custom_width_px=&#8220;1080px&#8220; custom_width_percent=&#8220;80%&#8220; make_equal=&#8220;off&#8220; use_custom_gutter=&#8220;off&#8220; fullwidth=&#8220;off&#8220; specialty=&#8220;off&#8220; disabled=&#8220;off&#8220;][et_pb_row admin_label=&#8220;row&#8220; make_fullwidth=&#8220;off&#8220; use_custom_width=&#8220;off&#8220; width_unit=&#8220;off&#8220; custom_width_px=&#8220;1080px&#8220; custom_width_percent=&#8220;80%&#8220; use_custom_gutter=&#8220;off&#8220; gutter_width=&#8220;3&#8243; allow_player_pause=&#8220;off&#8220; parallax=&#8220;off&#8220; parallax_method=&#8220;on&#8220; make_equal=&#8220;off&#8220; parallax_1=&#8220;off&#8220; parallax_method_1=&#8220;on&#8220; parallax_2=&#8220;off&#8220; parallax_method_2=&#8220;on&#8220; parallax_3=&#8220;off&#8220; parallax_method_3=&#8220;on&#8220; parallax_4=&#8220;off&#8220; parallax_method_4=&#8220;on&#8220; disabled=&#8220;off&#8220;][et_pb_column type=&#8220;4_4&#8243;][et_pb_blurb admin_label=&#8220;Informationstext&#8220; url_new_window=&#8220;off&#8220; use_icon=&#8220;off&#8220; icon_color=&#8220;#7EBEC5&#8243; use_circle=&#8220;off&#8220; circle_color=&#8220;#7EBEC5&#8243; use_circle_border=&#8220;off&#8220; circle_border_color=&#8220;#7EBEC5&#8243; icon_placement=&#8220;top&#8220; animation=&#8220;top&#8220; background_layout=&#8220;light&#8220; text_orientation=&#8220;center&#8220; use_icon_font_size=&#8220;off&#8220; use_border_color=&#8220;off&#8220; border_color=&#8220;#ffffff&#8220; border_style=&#8220;solid&#8220; disabled=&#8220;off&#8220; title=&#8220;DOKUMENTATION&#8220; header_font_size=&#8220;20&#8243; header_letter_spacing=&#8220;5px&#8220;]<\/p>\n<p>&nbsp;<\/p>\n<p style=\"text-align: left;\">Als Filmemacher wollen wir Geschichten erz\u00e4hlen.<br \/>\nWas mich am meisten interessiert, sind Geschichten \u00fcber Menschen:<br \/>\nMenschen, die etwas Besonderes erlebt oder geleistet haben.<br \/>\nMenschen, die an besonderen Orten oder unter speziellen Umst\u00e4nden leben.<br \/>\nMenschen, die mit besonderen Herausforderungen umgehen m\u00fcssen.<br \/>\nOder einfach Menschen, deren Geschichte uns ber\u00fchrt.<\/p>\n<p style=\"text-align: left;\">Letzten Endes geht es doch immer darum, sich in den Geschichten der Anderen zu spiegeln &#8211; und ihre Erfahrungen zu uns in Beziehung zu setzen. Ob es um den Bauern in Angola, den Arzt in Afghanistan, den Fischer auf den Philippinen oder den Chef der Deutschen Bank geht.<br \/>\nDer Geschichtenerz\u00e4hler ist ein Mittler zwischen den Protagonisten und den Zuschauern. Wenn er seine Aufgabe gut macht, tritt er hinter die Geschichte zur\u00fcck &#8211; und zeigt dem Zuschauer eine Geschichte, die ihn pers\u00f6nlich ber\u00fchrt.<\/p>\n<p>[\/et_pb_blurb][et_pb_blurb admin_label=&#8220;Informationstext&#8220; url_new_window=&#8220;off&#8220; use_icon=&#8220;off&#8220; icon_color=&#8220;#7EBEC5&#8243; use_circle=&#8220;off&#8220; circle_color=&#8220;#7EBEC5&#8243; use_circle_border=&#8220;off&#8220; circle_border_color=&#8220;#7EBEC5&#8243; icon_placement=&#8220;top&#8220; animation=&#8220;top&#8220; background_layout=&#8220;light&#8220; text_orientation=&#8220;center&#8220; use_icon_font_size=&#8220;off&#8220; use_border_color=&#8220;off&#8220; border_color=&#8220;#ffffff&#8220; border_style=&#8220;solid&#8220; title=&#8220;Ausschnitte aus einigen langen Dokumentationen und Reportagen:&#8220; header_line_height=&#8220;1.5em&#8220;] [\/et_pb_blurb][\/et_pb_column][\/et_pb_row][\/et_pb_section][et_pb_section admin_label=&#8220;Sektion&#8220; fullwidth=&#8220;on&#8220; specialty=&#8220;off&#8220;][et_pb_fullwidth_portfolio admin_label=&#8220;Vollbreites Portfolio&#8220; fullwidth=&#8220;off&#8220; include_categories=&#8220;7,10&#8243; show_title=&#8220;on&#8220; show_date=&#8220;off&#8220; background_layout=&#8220;light&#8220; auto=&#8220;off&#8220; hover_overlay_color=&#8220;rgba(255,255,255,0.78)&#8220; use_border_color=&#8220;on&#8220; border_color=&#8220;#ffffff&#8220; border_style=&#8220;solid&#8220; zoom_icon_color=&#8220;#ffffff&#8220; hover_icon=&#8220;%%52%%&#8220; border_width=&#8220;5px&#8220; title_line_height=&#8220;1.5em&#8220;] [\/et_pb_fullwidth_portfolio][\/et_pb_section]<\/p>\n","protected":false},"excerpt":{"rendered":"<p>&nbsp; Als Filmemacher wollen wir Geschichten erz\u00e4hlen. Was mich am meisten interessiert, sind Geschichten \u00fcber Menschen: Menschen, die etwas Besonderes erlebt oder geleistet haben. Menschen, die an besonderen Orten oder unter speziellen Umst\u00e4nden leben. Menschen, die mit besonderen Herausforderungen umgehen m\u00fcssen. Oder einfach Menschen, deren Geschichte uns ber\u00fchrt. Letzten Endes geht es doch immer darum, [&hellip;]<\/p>\n","protected":false},"author":1,"featured_media":0,"parent":0,"menu_order":0,"comment_status":"closed","ping_status":"closed","template":"","meta":{"_et_pb_use_builder":"on","_et_pb_old_content":"","_et_gb_content_width":"","footnotes":""},"class_list":["post-167","page","type-page","status-publish","hentry"],"_links":{"self":[{"href":"https:\/\/romanfarkas.de\/index.php?rest_route=\/wp\/v2\/pages\/167","targetHints":{"allow":["GET"]}}],"collection":[{"href":"https:\/\/romanfarkas.de\/index.php?rest_route=\/wp\/v2\/pages"}],"about":[{"href":"https:\/\/romanfarkas.de\/index.php?rest_route=\/wp\/v2\/types\/page"}],"author":[{"embeddable":true,"href":"https:\/\/romanfarkas.de\/index.php?rest_route=\/wp\/v2\/users\/1"}],"replies":[{"embeddable":true,"href":"https:\/\/romanfarkas.de\/index.php?rest_route=%2Fwp%2Fv2%2Fcomments&post=167"}],"version-history":[{"count":32,"href":"https:\/\/romanfarkas.de\/index.php?rest_route=\/wp\/v2\/pages\/167\/revisions"}],"predecessor-version":[{"id":622,"href":"https:\/\/romanfarkas.de\/index.php?rest_route=\/wp\/v2\/pages\/167\/revisions\/622"}],"wp:attachment":[{"href":"https:\/\/romanfarkas.de\/index.php?rest_route=%2Fwp%2Fv2%2Fmedia&parent=167"}],"curies":[{"name":"wp","href":"https:\/\/api.w.org\/{rel}","templated":true}]}}